t - 3. Let u be g(-3). Let o be (6/(-5))/((-1)/40). Calculate the highest common divisor of o and u.
24
Let z = 13 - -3. Let v = 12 + -19. Let d be (v/4)/((-2)/z). Calculate the highest common divisor of d and 14.
14
Let r = -6 + 8. Suppose 0 = -7*m + r*m + 375. Suppose -5*p = -0*p + 4*j - 162, -3*p - 2*j = -96. Calculate the highest common divisor of p and m.
15
Suppose -l = r - 2*l - 4, -8 = -5*r - l. Suppose 20 = 3*w - 2*w. Suppose -5*z = 3 + 17, 0 = -4*k + 4*z + w. What is the highest common divisor of r and k?
1
Suppose 0 = 2*x + 2*p - 206, -2*x + 4*p - 517 = -7*x. Calculate the greatest common divisor of x and 15.
15
Let w be (-2 - -1)*1 + 33. Let m(t) = 9*t**2 - 1. Let k be m(1). What is the greatest common factor of k and w?
8
Let g = -6 + 15. Let m be 24/g*198/8. Suppose 0 = 5*t + u - 25, -4*t + 0*t + 2*u + 34 = 0. Calculate the highest common divisor of t and m.
6
Let f = -25 + 43. What is the highest common factor of 2 and f?
2
Suppose 7*p - 5*p - 370 = 0. What is the greatest common divisor of p and 37?
37
Let k = 10 + -7. Let d be (3 + k + -6)/1. Suppose d = -2*f - 0*f + 4. Calculate the greatest common factor of f and 8.
2
Let m be 3 + (-2 - 1 - 36). Let r be 12/m + (-85)/(-3). What is the highest common factor of 14 and r?
14
Suppose 7*r - 20 = 36. Suppose -3*h - 80 = -7*h. Calculate the greatest common divisor of r and h.
4
Suppose 0 = -4*n + 827 - 35. Let a be ((-44)/6)/(2/(-6)). What is the greatest common divisor of n and a?
22
Let i = -22 + 58. Let t be ((-4)/(-8))/1*i. What is the greatest common divisor of t and 36?
18
Suppose -2*a - 18 = -3*d + 88, -5*a = -2*d + 78. Calculate the highest common factor of d and 17.
17
Let f(a) = a - 4. Let j be f(6). Suppose 3*k - j*k = 70. Suppose 3*v - k = -2*v. What is the greatest common divisor of 154 and v?
14
Let j(v) = 3*v - 4. Let t = 16 + -11. Let y be j(t). Calculate the highest common divisor of y and 121.
11
Suppose 22 = 2*s - 24. Let b be ((-40)/2)/(s - 24). Let w be 8 + 4*(-1)/(-2). What is the greatest common divisor of w and b?
10
Let o(v) = -v + 12. Let m be o(0). Let t be 6/m*(1 - -13). What is the greatest common factor of t and 63?
7
Let c(z) = z**3 - 4*z**2 - 4*z - 2. Let o be c(5). Let d(p) = -3 + 0 - 2*p - p**2 - 6*p. Let a be d(-5). What is the highest common divisor of o and a?
3
Let l = 6 - 4. Let b = 23 - 22. What is the greatest common factor of l and b?
1
Let m = 29 - 19. Calculate the highest common factor of m and 10.
10
Let i be -1*8/(-28) - (-1886)/14. What is the greatest common factor of i and 54?
27
Suppose l - 36 = -3*q, -41 = -3*q + q + 5*l. Let m = -14 + 92. What is the highest common factor of q and m?
13
Let f = 5 + -7. Let k be 5/f*(-12)/5. What is the highest common factor of 1 and k?
1
Let z(i) = 11 - 3 + 2*i - 4*i. Let q be z(-6). Let k be 78/8 + 5/q. What is the highest common divisor of 70 and k?
10
Let v(l) = -2*l + 3. Suppose 4*g - 3 = 13. Let r be v(g). Let c be (36/r)/((-5)/25). What is the highest common factor of 24 and c?
12
Suppose -8 = 3*d - 5*d. Let n(z) = z. Let l be n(2). Calculate the greatest common divisor of d and l.
2
Let g be (-356)/(-32) + 2 + 2/(-16). Calculate the highest common divisor of 52 and g.
13
Let c(b) = b + 10. Let k be c(0). Let z = -30 - -70. Suppose r = -0*r + z. Calculate the greatest common divisor of r and k.
10
Let p(o) = 3*o**3 + 3*o**2 - o. Let r be p(3). Suppose 3*v = -l + 97, -3*l = -3*v - 0*l + r. What is the highest common factor of 3 and v?
3
Let i = 33 + -7. Suppose 1 = 4*z - 5*l, z + 3*z + 4*l + 44 = 0. Let x be ((-15)/z)/((-2)/(-52)). Calculate the greatest common divisor of x and i.
13
Let q be -2*(1 - 15/2). Suppose -2*u = 3*u, 0 = -5*h + 2*u - 25. Let y = 47 - h. Calculate the highest common divisor of q and y.
13
Let i(c) = 2*c**3 - 14*c**2 + 14*c - 10. Let n be i(6). What is the highest common divisor of 1 and n?
1
Let s(h) = h - 1 + h + 5*h**2 - 3*h**2. Let c be s(1). What is the highest common divisor of 1 and c?
1
Let f be (84/(-98))/((-1)/7). What is the greatest common factor of 2 and f?
2
Let p = -114 - -577. Suppose 3*y + 1175 - 347 = 0. Let j = p + y. What is the highest common divisor of 17 and j?
17
Let q be (9/3 - -15)/((-2)/(-5)). What is the greatest common divisor of 18 and q?
9
Let h = 117 + -104. What is the greatest common factor of h and 52?
13
Suppose 15 + 15 = 5*z. Let g = z - -16. Suppose 0 = -3*h - 18 + 117. What is the highest common divisor of g and h?
11
Let y be 3 + -2 - 2 - -15. Let g = y + 8. Calculate the greatest common factor of g and 22.
22
Let t(a) = 71*a**2 - 2*a. Let h be t(2). What is the highest common factor of 40 and h?
40
Let m be (-4)/14 - 248/14. Let u = 29 + m. Calculate the greatest common factor of u and 33.
11
Let w be -3*1/((-2)/74). What is the highest common divisor of w and 74?
37
Let n = -25 + 55. Suppose 5*j - w = 4*w + 30, 0 = -5*j - 3*w + n. Let t(r) = 4*r - 9. Let k be t(j). Calculate the highest common divisor of 30 and k.
15
Suppose 5*s = 4*b - 0 + 13, -13 = -2*s - b. Suppose -4*f + 165 = -s*r, -f - 2*r - 3*r = -35. What is the greatest common factor of f and 5?
5
Let a(v) = -v**3 - 5*v**2 + 9*v + 14. Let r be a(-6). Let j be (r/(-3) + -1)*6. What is the highest common factor of 6 and j?
2
Suppose 12 = -3*r + 192. Calculate the highest common factor of 150 and r.
30
Suppose -4*s = 3*z + 2*z + 1, 4 = 4*z + 2*s. Let q be (z + 1)*(-9)/(-4). Suppose -43*a + 38*a + 405 = 0. Calculate the highest common divisor of q and a.
9
Suppose 2*p = -y - y + 208, 4*p = 3*y - 284. Calculate the highest common divisor of 25 and y.
25
Let i(r) be the second derivative of r**5/20 + 11*r**4/12 + 3*r**3/2 + r. Let k be i(-7). What is the highest common divisor of 19 and k?
19
Let z be 2/10 + 536/20. Suppose -5*u + 0*u = -45. Calculate the greatest common factor of u and z.
9
Let s(b) = 2*b**3 + 1. Let g be s(1). Suppose 0 = a - 11 - g. Calculate the highest common factor of a and 21.
7
Let d = 15 - 4. Suppose 0 = -2*y + r + d, 0 = y - 3*r - 6 + 3. Suppose s = -0*s + y. Calculate the greatest common factor of 30 and s.
6
Let s = 0 + 3. Suppose -s*u - 3*i + 15 = 0, 0 = 2*i - 0 + 2. Let f(q) = 5*q + 3. Let z be f(3). Calculate the greatest common factor of u and z.
6
Suppose -v = -17 - 16. Suppose -35 = -3*o + 2*k, 10*o - 6*o + 3*k = 41. What is the greatest common divisor of v and o?
11
Suppose 0 = 5*l + 2*v - 17 - 77, -3*l - 5*v = -64. Let b = l - 13. Calculate the greatest common divisor of b and 5.
5
Let z = 11 + -7. Suppose 4*r - 14 = -c, -5*r + 12 = -c - 10. Calculate the highest common factor of r and z.
4
Suppose -2*t = -4*n - 142, 0*t - 3*n = 2*t - 114. What is the highest common divisor of t and 7?
7
Let t(o) = o**2 - 7*o + 6. Let w be t(4). Let n = -10 - w. Let s = n + 20. What is the greatest common divisor of s and 16?
16
Let d(b) = 10*b - 2. Let l(n) = 29*n - 5. Let m(i) = 11*d(i) - 4*l(i). Let a = 0 + -2. Let v be m(a). Calculate the highest common factor of v and 20.
10
Let g = 23 - 9. Let v = g + 16. Let x = 22 + -12. What is the greatest common divisor of x and v?
10
Let a = -29 + 48. Let l = 33 - a. Calculate the highest common divisor of l and 56.
14
Let m(a) = a**3 - a + 14. Let r be m(0). Calculate the highest common divisor of 112 and r.
14
Let g(f) = f**2 - 6*f - 19. Let l be g(9). Calculate the highest common factor of l and 8.
8
Suppose 0 = 3*x - 118 - 14. Let g = 82 - 71. Calculate the greatest common factor of g and x.
11
Suppose -74 - 466 = -6*h. Calculate the greatest common divisor of 10 and h.
10
Let n = -3 - -8. Suppose 3*a - n*c - 356 = 0, 3*a + 187 = c + 527. Calculate the greatest common divisor of 14 and a.
14
Let k = -7 + 24. Suppose -331 = -5*v - x - 2*x, -2*x = 3*v - 198. Calculate the highest common factor of k and v.
17
Suppose 0*l + 5 = -5*l, 2*z + 6 = -2*l. Let x be z + (3 - -4 - 3). Calculate the highest common factor of x and 6.
2
Let t(o) = 9*o**2 + 2*o + 1. Let c = -5 + 9. Suppose -2 - 2 = c*f. Let b be t(f). Calculate the greatest common divisor of b and 8.
8
Suppose -v + 28 = 2. Calculate the greatest common divisor of v and 260.
26
Let o be (-8)/(-3)*3/2. Suppose 6*w = 2*w, 5*y + 2*w = 500. Suppose -4*t = -9*t + y. Calculate the greatest common divisor of o and t.
4
Let o = 344 + -227. Calculate the high